What is -3 + -4 + -29 + 36 + (0 - 4)?
-4
What is the value of 0 + 14 - ((6 - (13 + -25)) + -11)?
7
-1 - ((-2 - -11 - 8) + 6)
-8
Calculate -18 + 18 + (-4 - -2) + -2 - -6.
2
Evaluate -9 + (-13 + 5 - -8).
-9
Calculate -4 + ((3 - -3) + -8 - -4 - 3).
-5
What is -24 + 31 + -15 - (-3 - -15)?
-20
Calculate -12 - (-4 - (-21 - -4) - 5).
-20
What is the value of -12 + (-1 - 0 - (-238 - -202))?
23
What is -33 - (-14 + 6 + -9)?
-16
Evaluate 0 + (16 + -2 + -5 - 14).
-5
(-12 - -15) + 5 + (-2 - -1) - 33
-26
What is the value of -10 - (-2 + -17 - -38)?
-29
Evaluate 23 + -9 + -18 - 4.
-8
33 + 6 + 41 + -78
2
What is (-10 - (-13 + 16)) + 18 + -33?
-28
Evaluate 17 + -30 - -42 - (-2 + 6 + -6).
31
What is the value of -52 + -10 + 16 + 23?
-23
Evaluate -8 - (-2 - (-3 - (-2 + -8))).
1
What is the value of 16 + -6 - ((-29 - -15) + 18)?
6
What is the value of -4 + (11 - (-2 + 1 + 4))?
4
1 - 0 - (32 - 52 - -18)
3
What is 6 + (26 - (-16 + 32)) + -5 + -2?
9
Evaluate -5 + 20 + -19 + 12.
8
-3 - (12 - (7 + (12 - -5)))
9
What is (-6 - -1) + -3 + (-5 - -7) + -3?
-9
Calculate -46 + 44 + (1 - -7).
6
What is 7 - -14 - (0 + 6 - -1)?
14
What is (31 + -58 - (7 - 18)) + 41?
25
What is 43 - (5 + 0 - (-36 - -26 - -12))?
40
Evaluate 3 + -18 + 9 + -9.
-15
-3 + -2 + 24 + -6 + (-6 - -7)
14
What is 1 + (0 - 5) + 12 + -11 + 4?
1
What is the value of (-3 - -10 - -5) + -5 - 6?
1
What is -50 + 2 - (264 + -289)?
-23
What is the value of 7 - 4 - (19 + (-7 - -2))?
-11
Calculate -17 + 2 + -6 - 12.
-33
What is the value of -57 + 41 - (1 + -6)?
-11
What is -1 + 4 + (3 + 3 - 12) - 5?
-8
(-21 - 5 - -44) + -12
6
-1 + 6 + (-5 + -8 - -3)
-5
Evaluate 4 + (1 - ((-2 - -1) + 9)) + 4.
1
-3 + -20 + 7 + 9 + 12 - -6
11
What is the value of 31 - (22 + 10 + (-29 - -6))?
22
What is 4 - (32 - (-17 + 36))?
-9
Calculate -9 - (-11 + -1) - (8 + -1) - -5.
1
Evaluate (-4 - (7 - 2)) + 3 + (-15 - -10).
-11
What is -10 + -7 + 1 + 4 - (-18 + 18)?
-12
Calculate -4 + 0 + 10 + 36 + -40.
2
What is the value of 10 - -6 - (3 + 14)?
-1
Calculate 6 + (-2 - -3) - 3 - (3 - 26).
27
What is the value of (-383 - -417) + ((-3 - 0) + 0 - -2)?
33
(-4 - 0) + 3 + (-4 - (-1 - -8))
-12
-1 + 19 + 11 - 33
-4
What is 12 + (-15 - -10) + 0 + -26 - -1?
-18
What is the value of -8 + -3 + (-26 - -19) + 8?
-10
Calculate 9 + -5 + 1 - (1 + 0).
4
Evaluate 3 + 15 + (-18 - -2).
2
Calculate 4 - (22 - 14) - (12 + (-2 - 1)).
-13
Calculate -4 - ((-25 - -16) + 5 + -21).
21
What is 19 - (3 + 12 - -20)?
-16
Evaluate (0 - 7) + (-5 - (3 + -9)) + -10.
-16
What is the value of (12 - -2) + -3 + -9?
2
1 - (1 - 13 - (-1 + -4))
8
Calculate (59 - 10 - 15) + -3.
31
3 + (-7 - (9 - (-7 + 6)))
-14
0 + -2 + 8 - (51 - 31)
-14
Calculate 12 + (16 - 17 - (5 + 9)).
-3
What is (-5 - 12) + 14 + -10?
-13
8 - (-10 + 23) - 1
-6
(10 - (12 + -13)) + (-3 - -9)
17
(-4 - (-23 - -11)) + (-23 - 2)
-17
Calculate (-8 - (-6 + -11 + 0)) + -6 + 7.
10
What is -33 + 65 + -39 + -22?
-29
Calculate 3 + 4 - 10 - (4 + 4 + -2).
-9
Calculate 7 + -6 - 10 - (-17 + 24).
-16
-5 + (-10 + 16 - 13) + 2 + 4
-6
Calculate -2 + 10 + -10 + 6.
4
What is 49 + -44 - (3 + 10)?
-8
What is 10 + 0 + -31 - (-9 + 5)?
-17
Evaluate -16 - (-32 + 37 + -35).
14
What is 5 + -16 - (16 - 8 - 15)?
-4
10 + (-2 - (5 + -13 - -7 - -8))
1
What is the value of 11 - ((16 - 4) + 8)?
-9
Calculate (32 - (-3 + 34)) + (-2 - -1 - -5).
5
What is the value of (-19 - -11) + -5 + -1 + -4?
-18
Calculate 14 + (-10 + 6 - -2) + -8 + -1.
3
What is 3 + (-21 - -16) - (-1 + 3)?
-4
What is (-2 - (1 - 2)) + 8 + -50 + 33?
-10
Evaluate 5 - (-3 + -6 - (-5 + -10)).
-1
Calculate -2 + 14 - 21 - -16.
7
What is -13 + 42 + -17 + 15?
27
What is the value of (-1 - 11) + 7 - -7 - (3 - 0)?
-1
Evaluate -257 + 254 + (-3 - -2).
-4
(8 + -4 - (15 + (5 - 10))) + 3
-3
What is -8 - -3 - ((8 - 13) + -2)?
2
(-3 - -9) + -10 - (-37 - -35)
-2
(5 - 1 - (11 + -12 + 10)) + -13
-18
What is 7 + -11 + -48 + 40?
-12
Calculate 3 + (2 - -3) + 8 + -2 + -2.
12
Evaluate 5 - (30 - 2) - -11.
-12
What is the value of -3 - -10 - (38 - 19)?
-12
Evaluate 2 + -11 + (-18 - (-8 + 9 + -15)).
-13
What is -2 + (2 - 3) + -18 + (-13 - -17)?
-17
Evaluate 8 + -4 + -12 - (23 + -17).
-14
-1 + 8 + -10 + 3 + -4
-4
What is the value of -11 + (-7 - -23) + 1 + -4?
2
What is the value of -8 + 1 + (67 - 65) + 7?
2
Evaluate 24 - (-10 - (-6 - (7 + -7)) - -3).
25
-10 - (-52 - -64 - (-4 - -48))
22
Calculate (0 - 13) + (206 - 184) - 10.
-1
Evaluate 0 + (5 - -2) + -6 - (-27 + 58).
-30
(-4 - (13 + 4 + -14)) + -9
-16
Evaluate 2 + -34 + 24 + -3 + 2.
-9
Calculate (2 - 21) + -235 + 264.
10
Evaluate -2 + (-3 - (9 - (0 + 20))) + 23.
29
What is 8 - (13 - (35 + -45))?
-15
8 - (2 + (-7 - -11) + -6 + -1)
9
Calculate (27 - 14) + 3 - -12.
28
Evaluate -14 + -12 + 37 + -5.
6
30 + 23 + -71 + 34
16
3 + 9 + -13 + 17 + -23
-7
Calculate (-5 - -19) + (-44 - -26).
-4
What is the value of (0 - 1) + -7 - -6 - -8?
6
Evaluate -19 + 20 + -16 + 2.
-13
What is -1 - -9 - (113 + -99 - (1 + -9))?
-14
What is the value of -1 + -8 + 17 + -16 + 12?
4
(-1 - -1) + (-12 - (-31 - -11)) + -2
6
What is the value of (-1 - -22 - (118 - 47)) + 11 + 1?
-38
(6 - 10) + (2 - (5 + 4 + -4))
-7
-2 + (-5 - -2 - 3) + 12
4
Evaluate (-22 + 51 - 26) + 0 + 3 + -4.
2
Evaluate 3 + 20 + (-2 - 4) + -33.
-16
What is the value of -1 + (0 - -1) + -274 + 267?
-7
What is the value of (13 - 6 - 9) + (-3 - (-3 + 4))?
-6
Evaluate -15 + 2 - (4 - 6 - (4 - 9)).
-16
What is 18 + 1 - -1 - (-32 + (-5 - -33))?
24
What is the value of -2 - (-78 - -80 - (1 + -8))?
-11
Evaluate -7 + 32 - (7 + -11 + 8 - 12).
33
(-39 - -34) + (6 - 17)
-16
-4 + (4 - -5) - -34
39
Calculate -1 + (13 - (-27 + 24)).
15
Evaluate (6 - 2) + (-47 - -63).
20
Calculate 12 - (4 + (6 - 17 - -5)).
14
What is 1 - -35 - (-17 - (9 - (17 + 10)))?
35
Evaluate (-7 - (7 - -5)) + -2.
-21
Calculate 3 + 0 + (-16 + 10 - -1) + -1.
-3
-21 + (11 - (29 + -52))
13
Calculate -59 + 65 - (2 - (3 + 3) - -1).
9
5 - (-4 + 18 + -43 + 19)
15
What is 5 + -2 + (-2 + -10 - (66 + -75))?
0
9 - (15 - (6 - -3))
3
What is 33 + (-7 + (-16 - (8 - 12)) - -10)?
24
Evaluate (0 - -5) + (262 - 256).
11
-3 + (-13 + -4 + 3 - -5)
-12
Evaluate -5 + -2 + 10 + -4 - 10.
-11
Calculate (1 - -7) + -25 + (66 - 36).
13
(66 - 25) + -48 + 24 + 2
19
What is 5 - ((-1 - 18) + 12 + -8)?
20
What is the value of 6469 + -6508 + -2 + 16 + 0?
-25
Evaluate 2 - (9 - -29 - 28).
-8
What is (-32 - (-40 + 15 - -8)) + 10?
-5
What is (11 - (-13 + 6)) + (-2 - 1)?
15
What is -16 - -6 - 31 - -55?
14
Calculate 14 - -1 - (-64 - -89).
-10
What is (-26 - (-23 + 41)) + 26?
-18
What is -23 + 6 + -19 - -10?
-26
Evaluate (3 - ((-5 - (-4 - -4)) + 4)) + 4.
8
What is 24 + -4 + 2 - (49 - 43)?
16
Calculate -10 - (2 + (-13 - -9 - (-1 + 5))).
-4
Calculate (23 - 11 - 29) + (-2 - -2).
-17
What is -5 + (18 - 2) - 8 - (-5 - -1)?
7
Calculate 6 - 1 - (-9 + -16 + 10).
20
-3 + 22 + -3 + (-16 - (-29 + 10))
19
Evaluate -4 + 0 + (259 - 268) + 12 + -1.
-2
-18 + (11 - (26 - 23))
-10
-11 + -8 + (15 - (-3 + 6)) + 11
4
What is the value of -9 + -15 + 5 + 6?
-13
8 + -13 + (44 - 29)
10
Evaluate -6 - -22 - (7 + 3 - 5).
11
What is the value of -2 + (12 - (-4 - -6)) - (-46 - -16)?
38
(-11 - (3 + -3)) + 93 + -86
-4
Calculate (-7 - -2) + -13 + 14 + -2 - -12.
6
What is 22 + (-5 - -4) + -21?
0
Evaluate 4 + -9 + 2 + -2 + 0 + -1.
-6
97 + (20 - 59) - 26
32
-7 + 6 + -2 + -3 + 4 + 4
2
Evaluate 16 + 2 + (2 - 12) + 4.
12
What is the value of 36 - (-1 + (2 - -8) - (76 - 63))?
40
What is -2 + 20 - (-27 - -30)?
15
What is the value of -6 + -3 - -1 - (2 - (-6 + -9))?
-25
What is the value of -31 - (2 + -3 + -11)?
-19
What is the value of 5 + 6 + 0 + (-31 - -7) + 13?
0
What is 10 - (-6 - (-5 + -12) - 0)?
-1
Calculate 1 + (-3 - 0) - (2 + -3).
-1
Evaluate -1 + -9 - (23 + -70 - -28).
9
What is (33 - 1) + (-654 + 659 - (16 - 1))?
22
Evaluate -35 + 24 + 55 + 1 + -17.
28
-12 - (19 + -16 - 32)
17
What is (-16 - -30 - 6) + -18 + 1?
-9
What is -12 + -1 + (53 - 39)?
1
12 - ((-7 - -6) + (2 - 5)) - 6
10
What is -4 + (-3 - (-5 - (8 - 3)))?
3
1 - (-6 + 13) - 0 - 1
-7
Evaluate -9 - (-9 + 1 + -9).
8
What is -38 - (2 - 16 - (0 + (-5 - 6)))?
-35
(93 - 153 - -59) + (-20 - -1)
-20
What is the value of 9 + -2 + -75 + 77?
9
Calculate -16 + -1 - (-72 - -63).
-8
3 + (-4 - (-1 + 4 + -3))
-1
What is the value of 6 - (4 + (-7 - -2)) - (0 + -9)?
16
What is 9 + -19 - -20 - 12?
-2
What is the